-14)/a.
2, 7
Let t be -1 + (-528)/(-3 - -5). Let m = t - -616. What are the prime factors of m?
3, 13
Suppose -10479 = 17*h + 18302. Let s = 3392 + h. List the prime factors of s.
1699
Let c = 283 + 214. What are the prime factors of c?
7, 71
Let z(h) = 3*h**3 - 106*h**2 - 198*h + 101. List the prime factors of z(38).
4129
Let t = -111 + 164. Suppose -58*n = -t*n - 2370. What are the prime factors of n?
2, 3, 79
Let r = -90 + 90. Suppose -7*t + 50 - 29 = r. Let s(g) = 2*g**3 - 4*g**2 + 3*g - 5. What are the prime factors of s(t)?
2, 11
Let c(h) = -9*h**2 + 344*h - 81. Let n be c(38). Let l(p) = 4*p + 0*p**2 + 3*p**2 + 6 + p. List the prime factors of l(n).
2, 7
Let m(l) = 1628*l - 3364. What are the prime factors of m(11)?
2, 3, 101
What are the prime factors of 3/(-9) + 67348/12 + 1?
3, 1871
Suppose 0 = -l - 42 + 27. List the prime factors of l/(-60) - (-1 + 382/(-8)).
7
Let u(m) = 7334*m + 1006. What are the prime factors of u(2)?
2, 17, 461
Let a(d) = 7*d**3 + 15*d**2 - 2*d + 11. Let f(x) = -20*x**3 - 44*x**2 + 6*x - 33. Let b(p) = 17*a(p) + 6*f(p). List the prime factors of b(-12).
397
Suppose -2986 = -23*o + 5018. List the prime factors of (269/(-3))/((-58)/o).
2, 269
Let v be 0 + -1 - 14*3/6. Let h = v - -18. Let f(o) = o**3 - 8*o**2 - 16*o - 24. What are the prime factors of f(h)?
2
Suppose 9*b - 15*b + 58596 = 0. What are the prime factors of b/10 - (-54)/(-90)?
2, 61
Let s(k) = -2*k**3 - 40*k**2 - 101*k - 346. What are the prime factors of s(-25)?
8429
Suppose 2720110 = 171*b - 420798 + 466981. List the prime factors of b.
19, 823
Suppose -5*k + 2561 = t, 5*t - 3013 + 960 = -4*k. Suppose 10*g = 96 - 16. Suppose 0*q = g*q - k. What are the prime factors of q?
2
Suppose -6*p = -8*p + 2. Let k(s) = -8 - p + s + s**2 - 1. List the prime factors of k(-5).
2, 5
Let a be 1*-1 + (1 + 1 - -1). Suppose a*q - 4*k = q + 636, 2*q = k + 1300. What are the prime factors of q?
2, 163
Suppose 5*h + 2*r - 583 = 0, -3*h + 356 = -7*r + 2*r. Let x = h + -219. Let t = 192 + x. What are the prime factors of t?
2, 3, 5
Let x be (-4)/(-6) - (-450)/54. Suppose -5*u = -5, -6*u + x = h - u. Suppose 4*y - 903 = -3*k, -h*k - 119 = -y + 83. What are the prime factors of y?
2, 3, 37
Let s = -68617 - -112120. List the prime factors of s.
3, 17, 853
Suppose -3*g - c - 42916 = -205122, -c - 54074 = -g. List the prime factors of g.
2, 5, 5407
Let o(v) = -5*v - 52. Let g be o(-11). Suppose q = 2*z + 753, -g*z - 3765 = -5*q - 0*z. What are the prime factors of q?
3, 251
What are the prime factors of (((-65)/(-260))/((-3)/(-80)))/(1/237)?
2, 5, 79
Let o = 162 - 161. What are the prime factors of (2/(-8) - (-5012)/16)/o?
313
Let i = -15 + 21. Let n(b) = 4*b**3 - 2*b**2 + 4*b + 5. What are the prime factors of n(i)?
821
Suppose 62 = w - 5*l + 10, 2*w + l - 115 = 0. Let y be ((-40)/35)/(-4) - 1298/(-14). Let u = w + y. List the prime factors of u.
2, 3, 5
Let c = 2286 + 544. What are the prime factors of c?
2, 5, 283
Let z(f) = -404*f - 309. List the prime factors of z(-18).
3, 11, 211
Let l(n) = 5*n**2 - 31*n + 7. Suppose 4*p - 2*p = 20. Let b be l(p). Suppose -3*d + 82 = -b. List the prime factors of d.
3, 31
Suppose 265*g - 289*g + 170952 = 0. Suppose -g = -9*s + 8789. What are the prime factors of s?
2, 13, 17
Let n = 39 + 2. Suppose 33*m - n*m = -2088. What are the prime factors of m?
3, 29
Let q = 1460 - 694. Suppose -r + q = 5*w, 3*w = 8*w + 2*r - 762. List the prime factors of w.
2, 7, 11
What are the prime factors of (-5)/30 + 535/2*17112/360?
5, 2543
Let m(s) = -110*s**3 - 2*s - 8. Let h be m(-2). Suppose 8*r = 4*r + h. Let u = r + -130. What are the prime factors of u?
89
Let u(r) = -3*r**3 - r. Let i be u(-1). Suppose i*l = 4*f - 4 - 4, 0 = -4*l - 8. Suppose f*k + 2*k - 152 = 0. List the prime factors of k.
2, 19
Let c(h) = 369*h**2 - 21*h + 124. List the prime factors of c(4).
2, 743
Let f be -40 - (1 + -3)*(-9)/6. Let h = f - -28. Let q = h + 36. List the prime factors of q.
3, 7
Let s be ((-3 + 0)*1)/1. Let f be 5*s/(-15)*888. Suppose -7*u + u = -f. What are the prime factors of u?
2, 37
Let n(h) = -6*h**2 + 37*h + 23. Let c be n(7). List the prime factors of 249 + 2/(1 + c/8).
5, 7
Let l = -36789 + 69802. List the prime factors of l.
33013
Let q(h) = h**3 - 2*h**2 + 10. Let k be (-4)/(-14)*(-119)/(-34). Suppose u + k = -4*i - 0, -4*i - 7 = -u. What are the prime factors of q(u)?
19
Let u(j) = -j - 12. Let z be u(-36). Suppose z*t - 8805 = 9*t. What are the prime factors of t?
587
Suppose -u - 156780 = -19*u - 0*u. What are the prime factors of u?
2, 5, 13, 67
Let p(j) = -3*j**3 + 4*j**2 + 10*j + 15. Let v(i) = 5*i**3 - 7*i**2 - 20*i - 29. Let u(q) = -11*p(q) - 6*v(q). What are the prime factors of u(6)?
3, 5, 43
Let p(h) = 2*h**2 - 23*h + 25. Let q(k) = k**2 - 11*k + 13. Let r = 65 + -52. Let x(w) = r*q(w) - 6*p(w). What are the prime factors of x(10)?
3, 23
Suppose 0 = -6*f + 5*f + 25. Let s = f + -26. List the prime factors of 124*(s - 0)*-1*1.
2, 31
Let j(k) = 11*k**2 + 8*k - 66. Let u be j(5). Let g = -56 + u. What are the prime factors of g?
193
Suppose 2*b = -3*c + 9141, 3*b = -c + 12040 + 1654. What are the prime factors of b?
3, 13
Suppose 836567 = 26*r - 277767. List the prime factors of r.
42859
Let i(j) = 5*j + 29. Let o = 18 + -14. Suppose 3*d = o*d - 14. What are the prime factors of i(d)?
3, 11
Suppose 5*o - 324 = 4*f, o + 81 = -f - 4*o. Let d = -45 - f. Suppose -2*s = q - 21 - d, -s + 57 = q. What are the prime factors of q?
3, 19
Let u(r) = -r**3 - 12*r**2 - 101*r + 4. What are the prime factors of u(-25)?
2, 7, 761
Let y(w) = 3*w - 7. Let d(q) = -6*q - 14. Let f be d(-3). Let x be y(f). Suppose 0 = a + u - 124, -10 + 580 = x*a - 5*u. What are the prime factors of a?
7, 17
Let c(a) = 24*a**2 + 18*a + 26. List the prime factors of c(8).
2, 853
Let i(v) = 21*v**2 - 593*v + 153. Let f be i(28). Let y(x) be the first derivative of x**3/3 - 3*x**2/2 - 14*x + 1. What are the prime factors of y(f)?
2, 29
Let g(n) = -2*n**2 + 16*n + 21. Let z be g(9). Suppose 5*t + 2*x + 2861 = 0, 4*x - z*x = 3*t + 1710. Let b = -322 - t. List the prime factors of b.
3, 83
Let r(g) = 3*g**3 + 2*g**2 + 6*g - 2. Let w be r(-2). What are the prime factors of -1*(w/5 - -4)*748?
2, 11, 17
Let v be 10 - (-5)/(-1) - (1 - 0). Suppose 0*t + 8 = 4*t, -2*t = v*o - 1716. List the prime factors of o.
2, 107
Suppose 4*i + 12 = 0, -4*n - i + 2382 = n. List the prime factors of n.
3, 53
Let i = -64 + 66. Let s be 13788/30 - (-4)/10. Suppose -i*f - s = -6*f. What are the prime factors of f?
5, 23
Suppose 3*g - 7*g + 1288 = 5*a, 3*a = 3*g + 762. Let t = a + -221. List the prime factors of t.
5, 7
Let r(k) = 203*k - 236. Let s be r(5). What are the prime factors of (4 - s/2)/((-18)/24)?
2, 257
Let q = 348 - 514. List the prime factors of (q/(-6))/(-1 - (-21)/18).
2, 83
Let s = -56 + 59. Suppose x + s*v - 480 = -v, -954 = -2*x - 2*v. What are the prime factors of x?
2, 7, 17
Let i(d) = d**3 - 34*d**2 - 32*d - 104. Let y be i(35). List the prime factors of (2700/8 + y/(-2))*3.
3, 337
Let w(d) = 34*d - 7. Suppose c = 7*c - 30. Let o be w(c). Let x = o + -98. What are the prime factors of x?
5, 13
Let r = -2939 - -10002. List the prime factors of r.
7, 1009
Let o be 3 + (-908)/20*-5. Suppose -5*u = 3*v - 2341 + o, -v - 3 = 0. List the prime factors of u.
2, 53
Let w(u) = u**2 - 5*u + 4. Let o be w(5). Suppose i + r = 9, -6*i + o*i + 28 = 4*r. Suppose -i*c - 204 = -4*q, 2*c + 51 = q - c. List the prime factors of q.
3, 17
Suppose -36*u = -39578 - 14170. What are the prime factors of u?
1493
Let i(m) = 14*m**3 - 14*m**2 - 57*m + 636. List the prime factors of i(13).
3, 7, 449
Let a be (23 - -4)/3 - 1. Let o be 2/a + 74/(-8). What are the prime factors of 309/9 + o/((-27)/2)?
5, 7
Suppose 0*v + 4*m = -3*v + 12, 4*v - 3*m - 41 = 0. What are the prime factors of -2*4/v + 55?
2, 3
Suppose -2*f - 56*b + 3806 = -54*b, 4*f - 4*b - 7604 = 0. Let a = f + -986. List the prime factors of a.
2, 229
Let r(d) = -31*d**2 - 17*d - 26. Let k be r(-16). Let g be k/(-70) + 2/14. Suppose -2*n + 272 = g. What are the prime factors of n?
3
Let z be -3*((-13)/6 - -2)*4. Suppose 4*q = -z*a + 8, 2*a + 0*q - 3*q - 1 = 0. Suppose -920 = -2*h - a*h. List the prime factors of h.
2, 5, 23
Let v be (-2 + 1 - -2)*(3 - -